x - 197, 84 = p - 4*x. What is the highest common divisor of p and 72?
8
Let y = -592 - -630. What is the highest common divisor of y and 19?
19
Let n be (-2 + 6)*(-21 + 9). Let f = n - -29. Let b = 27 + f. Calculate the greatest common factor of b and 8.
8
Let n be (-7)/(21/(-72)) + -1. Let x = 41 - n. Let a = -47 - -74. What is the greatest common divisor of a and x?
9
Let v(s) = s**2 + 10*s - 47. Let m be v(4). Let u = 117 + -36. Calculate the greatest common factor of m and u.
9
Let m(p) = 19*p**3 + p**2 + 2*p - 2. Let q be 4 + 3 + -8 + 2. Let d be m(q). Suppose 9*z = 10*z - d. What is the greatest common factor of 80 and z?
20
Suppose -3*w + 133 = 5*q, 31 = w + q - 14. What is the highest common divisor of 368 and w?
46
Suppose 5*y + 3*j - 2393 = 0, -9*j + 8*j = 3*y - 1439. What is the highest common factor of 148 and y?
37
Let u(t) = -t**2 + 7*t + 30. Let g be u(10). Suppose g = 4*m + 3*j - 33, 2*m + m - 56 = 4*j. What is the highest common divisor of 12 and m?
12
Let f = -8 + 8. Suppose f = -3*b - 0*b + 36. Calculate the highest common factor of b and 108.
12
Let f(v) = 7*v**2 + 4*v + 40. Let l be f(-4). What is the highest common factor of 64 and l?
8
Let v(l) be the third derivative of l**4/24 - 5*l**3/2 + 8*l**2. Let g be v(19). Calculate the highest common divisor of g and 12.
4
Suppose -5*n - 25 = 0, 4*l - n = n + 90. Let t = l + -11. Let r be (-36)/5*(-30)/t. What is the greatest common divisor of 6 and r?
6
Suppose -2*f + 14 = 6. Suppose f*h = -2*y + 62, -79 = y - 4*y + h. Calculate the highest common divisor of y and 9.
9
Let b(s) = 3*s - 34. Let z = -12 + 11. Let n be (-8 - -20) + (z - -3). Let y be b(n). What is the highest common factor of y and 72?
8
Let w = 49 + -35. What is the highest common divisor of w and 6?
2
Let l = -1739 - -1755. Suppose o + 4 = 4*n, -6*n + n - 3*o + 5 = 0. Let r be n + 79 - (0 + 0). Calculate the highest common factor of l and r.
16
Suppose 13*y = 4*y + 162. Suppose 4*d = -p - y + 41, 3*p = -4*d + 61. What is the highest common divisor of 19 and p?
19
Let x(w) = -w. Let j(b) = 2*b + 3. Let c(s) = j(s) + 3*x(s). Let z be c(-3). Let r = 18 - z. What is the greatest common divisor of 84 and r?
12
Let p = -2499 - -2506. Let k = 0 - -1. What is the highest common divisor of p and k?
1
Let f be (-16)/(-88) + 6070/11. What is the highest common factor of 8 and f?
8
Suppose -2*f + 5*t + 44 + 15 = 0, -t = -f + 22. Suppose -184 + 1119 = 5*q. What is the greatest common factor of f and q?
17
Let a = -543 + 549. What is the greatest common factor of a and 150?
6
Let m be ((-30)/(-25))/(4/10) - -62. Let h = m + -28. What is the highest common factor of h and 111?
37
Let b be ((-6)/(-3) - 4)/1. Let w(u) = 28*u**2 - 2. Let p be w(b). Suppose -3*h + 299 = p. Calculate the highest common divisor of 7 and h.
7
Suppose -158 = -48*g + 47*g. Let x = -50 + g. What is the highest common factor of 12 and x?
12
Suppose v + 0*p + 2*p - 42 = 0, 5*v + p = 246. Suppose i = -i + v. Let d = 387 + -212. What is the highest common factor of d and i?
25
Let n = -277 - -309. Calculate the greatest common factor of n and 80.
16
Let t be 248/3 + 1 + 14/42. Calculate the greatest common factor of 1428 and t.
84
Let p(x) = -13*x - 1. Let q be p(8). Let v be -45*(-10)/q*-7. Let g be (1 - (-1)/(-1)) + 10. What is the greatest common factor of v and g?
10
Let b = -17 + 57. What is the highest common divisor of b and 60?
20
Let m be (4/20)/((-3)/(-15)). Let h be (1 + 3 + -1)*m. Calculate the highest common divisor of 21 and h.
3
Let s(w) = -w**3 + 16*w**2 - 21*w + 30. Let q be s(13). Suppose -q = -u + 4*m, -2*u + m + 136 = -371. What is the highest common factor of u and 28?
28
Let t be 3/(-2) - 336/(-96). What is the highest common divisor of t and 338?
2
Let w(t) = 5*t - 48. Let p be w(14). Suppose -21*j + p*j - 19 = 0. Calculate the highest common factor of j and 152.
19
Let m be (-20)/(-3)*(-7 + (8 - -8)). What is the greatest common divisor of 45 and m?
15
Suppose -2*v + 373 = 4*t - 75, 0 = -3*t - v + 335. Calculate the highest common divisor of 18 and t.
3
Let q = -45 + 45. Suppose 5*t + 3*w = 137, q*w - 41 = -t - 4*w. Calculate the greatest common factor of 5 and t.
5
Let i = 33 + -41. Let y be (26 + i)*2/3. Calculate the greatest common factor of y and 36.
12
Suppose 0 = 1181*q - 1170*q - 484. What is the highest common divisor of q and 3652?
44
Let y be 49 + (-28)/(2 - 6). Calculate the greatest common factor of 728 and y.
56
Let t be -7 + (-9 - -10)*9. What is the highest common factor of 44 and t?
2
Let z(d) = -d**2 - 20*d - 64. Let h be z(-16). Let a be (-5 + h)*(-122)/2. What is the highest common factor of 61 and a?
61
Let b be ((-66)/(-15))/(6/15). Let f(z) = 8*z - 8. Let v be f(b). What is the highest common factor of v and 16?
16
Let o(u) = -3*u + 36. Let q be o(11). Let p be ((-140)/(-50))/((-2)/(-90)*q). What is the greatest common factor of p and 98?
14
Suppose -3*r + 113 = -103. Let k = 3 - 9. Let t(f) = -2*f - 4. Let c be t(k). What is the greatest common divisor of r and c?
8
Suppose -80 = -4*m - 5*q, -4*m + 0*q - 4*q + 88 = 0. Let z = 31 - -9. Calculate the greatest common factor of z and m.
10
Suppose 2*t - b - 4 + 0 = 0, 0 = 4*t - 4*b. What is the greatest common divisor of 64 and t?
4
Suppose -2*a + o = -35, 5*a + 0*a - 3*o - 87 = 0. Suppose 5*v - 10 = 0, 16*u + 292 = 18*u + 2*v. What is the greatest common factor of u and a?
18
Let v(q) = -6 + 10*q - 682*q**3 - 5*q**2 + 681*q**3 - 4. Let i be v(-7). Calculate the greatest common factor of i and 9.
9
Let s be (-99911)/(-126) + (-10)/(-180). Calculate the greatest common factor of 13 and s.
13
Suppose 7*z - 196 = -4*x + 3*z, -x - 5*z = -69. What is the highest common divisor of 20 and x?
4
Suppose -13 = 4*v + 55. Let g = v + 9. Let h(w) = -w**3 - 6*w**2 + 3*w + 1. Let f be h(g). What is the highest common factor of 21 and f?
21
Suppose 0 = -24*o + 26*o - 258. Calculate the greatest common divisor of 43 and o.
43
Let w be 1090/8 - (-4)/64*-4. Calculate the greatest common divisor of w and 340.
68
Suppose -c = 4*q + 1, -2*c - 9 = -6*c - 3*q. Let y = 19 - c. Suppose 2*w = -d + 22 + 10, 2*w = 3*d + y. What is the highest common factor of 56 and w?
14
Let k be (4 - -48)/(-2) - -1. Let l = k + 47. Calculate the greatest common divisor of 33 and l.
11
Let g = -1856 + 5034. What is the highest common factor of 14 and g?
14
Let s be (-57)/(69/(-12) + 5). Calculate the greatest common factor of 190 and s.
38
Let w = 29 + 3. Let u = 36 - w. Suppose 4*d + 56 - 324 = -u*b, -5*b = 2*d - 332. Calculate the highest common factor of b and 44.
22
Suppose 4*x - 61 - 23 = -t, -310 = -5*t + 2*x. Calculate the highest common divisor of 8 and t.
8
Let k(i) = 85*i - 4. Let x be k(4). Suppose 3*u - 48 = x. Suppose -2*a + 64 = 5*p, u = 5*a - a + 5*p. Calculate the highest common divisor of a and 8.
8
Let d(v) = -v**2 + 1. Let s be d(-1). Let k = -25 + 29. Suppose s*o = k*o - 80. Calculate the highest common factor of 30 and o.
10
Suppose 0 = 3*h - 9. Suppose 0 = 3*i + a - 1459, -h*i - 3*a + 915 + 546 = 0. Calculate the highest common divisor of i and 54.
54
Let z(u) = -10 - 4 + 6 + 3*u - 2. Let a be z(5). What is the greatest common factor of 90 and a?
5
Suppose 5*n = -3*z + 46, -z - 3 = n - 13. Suppose -4*x = -2*c - 2*x + 72, 5*c - 2*x - 168 = 0. What is the greatest common divisor of n and c?
8
Let q(l) = 30*l + 39. Let a be q(14). Suppose -3*x + 3*y = -165, 0 = -2*x - 2*x + y + 208. Calculate the highest common divisor of a and x.
51
Suppose 5*y = -5*s + 65, 3*s = -y + 2*y + 23. Let f = 13 - s. Suppose 4*g - 56 = f*v, -2 - 7 = -g - 4*v. What is the highest common divisor of 117 and g?
13
Let x = -9 + 26. Suppose -i + x + 1 = 0. Let u be 3/(-9) - 19/(-3). Calculate the highest common factor of u and i.
6
Let t be ((-2)/(-6))/(21/2205). Calculate the greatest common divisor of 20 and t.
5
Suppose 61 = -f + 4. Let k = 133 + f. Calculate the greatest common divisor of 190 and k.
38
Suppose 2*z + 212 = 4*r, 2*r + z - 64 = 50. Let k = r + -31. What is the greatest common factor of k and 168?
24
Suppose -4*y + 4 = n, y + 32 = 4*n - 69. What is the highest common divisor of 24 and n?
24
Suppose -4*o - 10 = -3*o. Let m be (4 - (-6)/3)*o. Let u = -12 - m. What is the greatest common divisor o